{"id":550,"date":"2021-05-27T19:48:36","date_gmt":"2021-05-27T22:48:36","guid":{"rendered":"https:\/\/lageplan.ufc.br\/?page_id=550"},"modified":"2022-11-01T07:39:52","modified_gmt":"2022-11-01T10:39:52","slug":"jose-manuel-mateo-rodriguez","status":"publish","type":"page","link":"https:\/\/lageplan.ufc.br\/index.php\/acervo\/jose-manuel-mateo-rodriguez\/","title":{"rendered":"Jos\u00e9 Manuel Mateo Rodriguez"},"content":{"rendered":"<p>RODRIGUEZ, Jose Manuel Mateo. <a href=\"https:\/\/lageplan.ufc.br\/wp-content\/uploads\/2022\/10\/AMAZONIA-BRASILENA-LA-DESARTICULACION-DE-LOS-PAISAJES-CULTURALES.pdf\">Amazonia Brasile\u00f1a: la desarticulacion de los paisajes culturales. Revista Eletr\u00f4nica <strong>Casa de Makunaima<\/strong>, v. 1, p. 9-22, 2018<\/a><\/p>\n<p><a href=\"https:\/\/lageplan.ufc.br\/wp-content\/uploads\/2022\/10\/HISTORIA-DO-PENSAMENTO-GEOGRAFICO.pdf\">RODRIGUEZ, Jose Manuel Mateo.; VICENS.R. S. Hist\u00f3ria do Pensamento Geogr\u00e1fico. <strong>Geographia<\/strong> (UFF) v. 19, p. 100-106, 2017<\/a><\/p>\n<p><a href=\"https:\/\/lageplan.ufc.br\/wp-content\/uploads\/2022\/10\/desenvolvimento-sustentavel-novas-tendencias.pdf\">RODRIGUEZ, J.M. M.; SILVA. E.V.; NETO, F.O.L. Educaci\u00f3n Ambiental y Desarrollo Sostenible: nuevas tendencias. <strong>Revbea,<\/strong> S\u00e3o Paulo, v. 11, n. 4. Anais do V CBEAAGT. 2016.<\/a><\/p>\n<p><a href=\"https:\/\/lageplan.ufc.br\/wp-content\/uploads\/2022\/10\/O-legado-de-Sochava.pdf\">RODRIGUEZ, Jose Manuel Mateo.; Silva, E. V.; Vicens, R. S. O legado de Sochava.\u00a0<strong>GEOgraphia<\/strong>,\u00a0<em>17 n.<\/em>33, p.225-233, 2015<\/a><\/p>\n<p><a href=\"https:\/\/lageplan.ufc.br\/wp-content\/uploads\/2022\/10\/CLASIFICACION-DE-HUMEDALES-CON-ENFOQUE.pdf\">MARTINEZ, A. A. A.; RODRIGUEZ, J. M.M. Clasificacion de Humedales con Enfoque de Paisajes y su aplicaci\u00f3n en el caso de la Provincia de Matanzas (Cuba).\u00a0<strong>Revista Eletr\u00f4nica da Associa\u00e7\u00e3o dos Ge\u00f3grafos Brasileiros, Se\u00e7\u00e3o Tr\u00eas Lagoas<\/strong><em>, <\/em>v. 1, n. 22, p. 27-57, 1 nov. 2015<\/a><\/p>\n<p><a href=\"https:\/\/lageplan.ufc.br\/wp-content\/uploads\/2022\/10\/diagnostico-ambiental.pdf\">BRAZ, A.M.; BRASOKOLOWSKI, H.G.S.; FERREIRA, L.A.; RODRIGUEZ, J. M.M Diagn\u00f3stico ambiental e planejamento da paisagem sob uma perspectiva sist\u00eamica. <strong>Revista Eletr\u00f4nica da Associa\u00e7\u00e3o dos Ge\u00f3grafos Brasileiros<\/strong><em>,<\/em> Se\u00e7\u00e3o Tr\u00eas Lagoas, v. 22, p. 90-120, 2015<\/a><\/p>\n<p><a href=\"https:\/\/lageplan.ufc.br\/wp-content\/uploads\/2022\/10\/geografia-e-planificacao-territorial.pdf\">RODRIGUEZ, Jos\u00e9 Manuel Mateo. Geografia y planificaci\u00f3n territorial. <strong>Entorno Geografico<\/strong>, v. 1, p. 08-31, 2014<\/a><\/p>\n<p><a href=\"https:\/\/lageplan.ufc.br\/wp-content\/uploads\/2022\/10\/PLANEJAMENTO-E-ZONEAMENTO-DE-Bh-GEOECOLOGIA-DAS-PAISAGENS-COMO.pdf\">SILVA, E. V.;\u00a0RODRIGUEZ, J. M. M. Planejamento e zoneamento de bacias hidrogr\u00e1ficas: a geoecologia das paisagens como subs\u00eddio para uma gest\u00e3o integrada. <strong>Caderno Prudentino de Geografia<\/strong>, v. Especial, p. 4-17, 2014<\/a><\/p>\n<p>SILVA, E,V.; RODRIGUEZ, J. M. M. <a href=\"https:\/\/lageplan.ufc.br\/wp-content\/uploads\/2022\/10\/O-ENSINO-DA-GEOGRAFIA-FISICA.pdf\">O ensino de Geografia F\u00edsica: pr\u00e1ticas pedag\u00f3gicas e perspectivas interdisciplinares.<\/a> <strong>Revista Equador,<\/strong> v. 3, p. 36-50, 2014<\/p>\n<p>RODRIGEZ, Jose Manuel Mateo. <a href=\"https:\/\/lageplan.ufc.br\/wp-content\/uploads\/2022\/10\/EL-REDISENO-DE-LA-GEO-ESTRATEGIA-DE-LOS-ESTADOS-UNIDOS-HACIA-CUBA_-UNA-VISION-DESDE-LA-GEOGRAFIA-POLITICA.pdf\">El desen\u00f5 de la geo-estrat\u00e9giade los Estados Unidos una vision desde la geograf\u00eda politica. <strong>Unioeste,<\/strong> v.9, n. 11, 2014<\/a><\/p>\n<p><a href=\"https:\/\/lageplan.ufc.br\/wp-content\/uploads\/2022\/10\/EL-PROCESO-DE-ORDENAMIENTO-AMBIENTAL-EN-CUBA.pdf\">LOPEZ, O. C.;\u00a0RODRIGUEZ, J. M. M. El proceso de ordenamiento ambiental em Cuba., Propuesta y aplicaci\u00f3n de su procedimiento metodol\u00f3gico a nivel nacional y regional, <strong>Geographicalia<\/strong>, v. 1, p. 45-78, 2014<\/a><\/p>\n<p><a href=\"https:\/\/lageplan.ufc.br\/wp-content\/uploads\/2022\/10\/Los-paisajes-de-humedales-marco-conceptual.pdf\">MARTINEZ, A. A. A.;\u00a0RODRIGUEZ, J. M. M.; HERNANDEZ, A. C. . Los paisajes de humedales, marco conceptual y aspectos metodol\u00f3gicos para su estudio y ordenamiento. <strong>Mercator<\/strong> (Fortaleza. Online), v. 15, p. 169-191, 2014<\/a><\/p>\n<p><a href=\"https:\/\/lageplan.ufc.br\/wp-content\/uploads\/2022\/10\/Aspectos-do-Uso-e-Ocupacao-do-Solo-no-Semiarido-Cearense.pdf\">FARIAS, J. F. ; SILVA, E.V.; RODRIGUEZ, J.M.M. Aspectos do Uso e Ocupa\u00e7\u00e3o do Solo no Semi\u00e1rido Cearense: An\u00e1lise Espa\u00e7o- Temporal (1985 &#8211; 2011) Sob o Vi\u00e9s da Geoecologia das Paisagens. <strong>Revista Brasileira de Geografia F\u00edsica<em>,<\/em><\/strong> v. 6, p. 136-147, 2013<\/a><\/p>\n<p><a href=\"https:\/\/lageplan.ufc.br\/wp-content\/uploads\/2022\/10\/Landscape-GeoEcology-Guidelines-for-the-Environmental-Managementl.pdf\">SILVA, E. V. ;GORAYEB, A.; MEIRELES, A. J. A; RODRIGUEZ, J.M.M. Landscape Geo-Ecology: Guidelines for the Environmental Management of the Estuarine Zones of the Northern Coast of Brazil. Journal of Coastal Research, v. 64, p. 1420-1424, 2011<\/a><\/p>\n<p><a href=\"https:\/\/lageplan.ufc.br\/wp-content\/uploads\/2022\/10\/Vista-de-ANALISE-GEOECOLOGICA-DO-LITORAL-LESTE-DO-MUNICIPIO-DE-AQUIRAZ.pdf\">RABELO, F. D. B.; SILVA, E. V. ; RODRIGUEZ, J.M.M. An\u00e1lise geoecol\u00f3gica do litoral leste do munic\u00edpio de Aquiraz &#8211; Cear\u00e1 &#8211; Brasil. Revista Geogr\u00e1fica de Am\u00e9rica Central (online), v. 2, p. 1-12, 2011<\/a><\/p>\n<p><a href=\"https:\/\/lageplan.ufc.br\/wp-content\/uploads\/2022\/10\/GEOECOLOGIA-DA-PAISAGEM_ZONEAMENTO-E-GESTAO-AMBIENTAL-EM-AMBIENTES-UMIDOS.pdf\">SILVA, E. V. ; RODRIGUEZ, J.M.M. Geoecologia da Paisagem: zoneamento e gest\u00e3o ambiental em ambientes \u00famidos e sub\u00famidos. Revista Geografica de America Central. N\u00famero Especial EGAL, (online) , v. 2, p. 1-12, 2011<\/a><\/p>\n<p><a href=\"https:\/\/lageplan.ufc.br\/wp-content\/uploads\/2022\/10\/LA-GOBERNABILIDAD-SOCIALISTA-DE-LOS-ESPACIOS-LITORALES_EL-CASO-DE-CIUDAD-DE-LA-HABANA-CUBA.pdf\">RODRIGUEZ, J. M. M.; MEIRELES, A. J. de A.; SILVA, E. V. da; CABO, A. R. de. LA GOBERNABILIDAD SOCIALISTA DE LOS ESPACIOS LITORALES: EL CASO DE CIUDAD DE LA HABANA, CUBA.\u00a0<strong>GEOUSP Espa\u00e7o e Tempo (Online)<\/strong>,\u00a0<em>[S. l.]<\/em>, v. 13, n.26, p. 169-168, 2009<\/a><\/p>\n<p><a href=\"https:\/\/lageplan.ufc.br\/wp-content\/uploads\/2022\/10\/LA-GEOECOLOGIA-DEL-PAISAJE.pdf\">RODRIGUEZ, J. M. M.; SILVA, Edson Vicente. La geoecologia del paisaje, como fundamento para el analisis ambiental.\u00a0<strong>REDE &#8211; Revista Eletr\u00f4nica do PRODEMA<\/strong>, Fortaleza, v. 1, n. 1, mar. 2009<\/a><\/p>\n<p><a href=\"https:\/\/lageplan.ufc.br\/wp-content\/uploads\/2022\/10\/A-classificacao-das-paisagens-a-partir-de-uma-visao-geossiMercator.pdf\">RODRIGUEZ, Jos\u00e9 Manuel Mateo; SILVA, Edson Vicente da. A classifica\u00e7\u00e3o das Paisagens a partir de uma vis\u00e3o geossist\u00eamica.\u00a0<strong>Mercator<\/strong>, Fortaleza, v. 1, n. 1, jan.2002<\/a><\/p>\n<p><a href=\"https:\/\/lageplan.ufc.br\/wp-content\/uploads\/2022\/10\/CAPACIDADE-DE-CAEGA-DAS-PAISAGENS.pdf\">RODRIGUEZ, Jos\u00e9 Manuel Mateo; SALINAS, E.La capacidad de carga de los paisajes : su an\u00e1lisis y evaluaci\u00f3n para el turismo. <strong>Geosul<\/strong> (UFSC), v. 16, p. 7-29, 1994<\/a><\/p>\n<p>&nbsp;<\/p>\n","protected":false},"excerpt":{"rendered":"<p>RODRIGUEZ, Jose Manuel Mateo. Amazonia Brasile\u00f1a: la desarticulacion de los paisajes culturales. Revista Eletr\u00f4nica Casa&hellip;<\/p>\n<p> <a class=\"more-link\" href=\"https:\/\/lageplan.ufc.br\/index.php\/acervo\/jose-manuel-mateo-rodriguez\/\">Leia mais<\/a><\/p>\n","protected":false},"author":1,"featured_media":0,"parent":544,"menu_order":0,"comment_status":"closed","ping_status":"closed","template":"","meta":{"footnotes":""},"class_list":["post-550","page","type-page","status-publish"],"_links":{"self":[{"href":"https:\/\/lageplan.ufc.br\/index.php\/wp-json\/wp\/v2\/pages\/550"}],"collection":[{"href":"https:\/\/lageplan.ufc.br\/index.php\/wp-json\/wp\/v2\/pages"}],"about":[{"href":"https:\/\/lageplan.ufc.br\/index.php\/wp-json\/wp\/v2\/types\/page"}],"author":[{"embeddable":true,"href":"https:\/\/lageplan.ufc.br\/index.php\/wp-json\/wp\/v2\/users\/1"}],"replies":[{"embeddable":true,"href":"https:\/\/lageplan.ufc.br\/index.php\/wp-json\/wp\/v2\/comments?post=550"}],"version-history":[{"count":79,"href":"https:\/\/lageplan.ufc.br\/index.php\/wp-json\/wp\/v2\/pages\/550\/revisions"}],"predecessor-version":[{"id":702,"href":"https:\/\/lageplan.ufc.br\/index.php\/wp-json\/wp\/v2\/pages\/550\/revisions\/702"}],"up":[{"embeddable":true,"href":"https:\/\/lageplan.ufc.br\/index.php\/wp-json\/wp\/v2\/pages\/544"}],"wp:attachment":[{"href":"https:\/\/lageplan.ufc.br\/index.php\/wp-json\/wp\/v2\/media?parent=550"}],"curies":[{"name":"wp","href":"https:\/\/api.w.org\/{rel}","templated":true}]}}