{"id":374,"date":"2020-05-31T00:58:27","date_gmt":"2020-05-31T03:58:27","guid":{"rendered":"https:\/\/lageplan.ufc.br\/?page_id=374"},"modified":"2023-10-11T14:34:15","modified_gmt":"2023-10-11T17:34:15","slug":"nossa-historia","status":"publish","type":"page","link":"https:\/\/lageplan.ufc.br\/index.php\/sobre\/nossa-historia\/","title":{"rendered":"Nossa Hist\u00f3ria"},"content":{"rendered":"<p><span style=\"font-weight: 400;\">O laborat\u00f3rio foi criado em 2012.<\/span><\/p>\n<p><span style=\"font-weight: 400;\">Quando entrei no Departamento de Geografia em 1886, digo 1986, o mesmo estava ligado fisicamente ao Departamento de Geologia. Posteriormente, em 1990 e poucos, mudamos para o nosso pr\u00f3prio pr\u00e9dio.\u00a0<\/span><span style=\"font-weight: 400;\">Recordando que n\u00e3o haviam salas de aulas no pr\u00e9dio, tudo era laborat\u00f3rio e gabinete de professores. As aulas seriam ministradas ao lado, no Bloco Did\u00e1tico onde hoje s\u00e3o dadas as aulas de Biologia.<\/span><\/p>\n<p><span style=\"font-weight: 400;\">Para ter uma maior autonomia, dividimos espacialmente alguns laborat\u00f3rios, criando salas de aulas. O corredor inferior tinha uma sala de laborat\u00f3rio que foi ocupada pela AGB &#8211; Associa\u00e7\u00e3o dos Ge\u00f3grafos do Brasil, durante um par de anos. Quando foi desocupada, n\u00f3s solicitamos a sua ocupa\u00e7\u00e3o pelo nosso grupo de pesquisa que trabalhava com recursos h\u00eddricos. <\/span><span style=\"font-weight: 400;\">Instituiu-se assim o LACRHI (Laborat\u00f3rio de Climatologia e Recursos H\u00eddricos), nessa \u00e9poca, Dona Marta e Elisa ainda n\u00e3o haviam nem nascido e eu j\u00e1 era professor de \u00c1guas Superficiais e de M\u00e9todos e T\u00e9cnicas de Pesquisa em Geografia F\u00edsica. <\/span><span style=\"font-weight: 400;\">Durante muito tempo trabalhamos com pesquisas sobre bacias hidrogr\u00e1ficas e limnologia.<\/span><\/p>\n<p><span style=\"font-weight: 400;\">Houve uma reivindica\u00e7\u00e3o da \u00e1rea de Climatologia e da Hidrogeografia, liderada pela Elisa e Marta, agora j\u00e1 integrantes do corpo docente, para que o t\u00edtulo do nosso laborat\u00f3rio de Climatologia e Recursos H\u00eddricos passasse para a coordena\u00e7\u00e3o das professoras em quest\u00e3o, o que foi efetivado. <\/span><span style=\"font-weight: 400;\">A partir desse momento, l\u00e1 pr\u00f3ximo a virada do s\u00e9culo, institui-se o LAGEPLAN &#8211; Laborat\u00f3rio de Geoecologia das Paisagens e Planejamento Ambiental, adequando-se assim \u00e0s linhas de pesquisa que se desenvolvem at\u00e9 hoje:<\/span><\/p>\n<p><strong>Geoecologia das Paisagens<\/strong><\/p>\n<p><strong>Educa\u00e7\u00e3o Ambiental Aplicada<\/strong><\/p>\n<p><strong>Planejamento\u00a0<\/strong><\/p>\n<p><strong>Gest\u00e3o Ambiental<\/strong><\/p>\n<p><span style=\"font-weight: 400;\">Atua-se diretamente no ensino da gradua\u00e7\u00e3o em Geografia envolvendo cursos como Biologia, Engenharia de Pesca, Geologia, Oceanografia, Ci\u00eancias Ambientais, Agronomia, Economia Ecol\u00f3gica, entre outros.<\/span><\/p>\n<p><span style=\"font-weight: 400;\">Integramos pesquisas e extens\u00e3o com alunos e professores da gradua\u00e7\u00e3o e p\u00f3s-gradua\u00e7\u00e3o, em diferentes projetos e a\u00e7\u00f5es socioambientais. Promovemos eventos e hoje somos o que estamos aqui, uma fauna e flora rica, diversificada, multiforme e radiante, com o melhor que podemos ser para n\u00f3s mesmos, para o grupo e tudo que nos envolve como formas de paisagem, dispostos em envelopes abertos sol\u00faveis e perfumados&#8230;.<\/span><\/p>\n<p><span style=\"font-weight: 400;\">Em 2021, carimbamos em nossa porta o nome de um grande mestre da \u00e1rea de Geoecologia das Paisagens, nossa entidade geogr\u00e1fica caribenha Jos\u00e9 Manuel Mateo Rodriguez. E seguimos por a\u00ed, respirando, solu\u00e7ando, mas na maioria do tempo com um sorriso rasgado no rosto, pois fazemos o que gostamos de verdade, de forma livre e aut\u00f4noma, de forma anarquicamente prazerosa.<\/span><\/p>\n<p>&nbsp;<\/p>\n<p style=\"text-align: right;\"><span style=\"font-weight: 400;\">Cacau (Prof. Dr. Edson Vicente da Silva)<\/span><\/p>\n","protected":false},"excerpt":{"rendered":"<p>O laborat\u00f3rio foi criado em 2012. Quando entrei no Departamento de Geografia em 1886, digo&hellip;<\/p>\n<p> <a class=\"more-link\" href=\"https:\/\/lageplan.ufc.br\/index.php\/sobre\/nossa-historia\/\">Leia mais<\/a><\/p>\n","protected":false},"author":1,"featured_media":769,"parent":371,"menu_order":0,"comment_status":"closed","ping_status":"closed","template":"","meta":{"footnotes":""},"class_list":["post-374","page","type-page","status-publish","has-post-thumbnail"],"_links":{"self":[{"href":"https:\/\/lageplan.ufc.br\/index.php\/wp-json\/wp\/v2\/pages\/374"}],"collection":[{"href":"https:\/\/lageplan.ufc.br\/index.php\/wp-json\/wp\/v2\/pages"}],"about":[{"href":"https:\/\/lageplan.ufc.br\/index.php\/wp-json\/wp\/v2\/types\/page"}],"author":[{"embeddable":true,"href":"https:\/\/lageplan.ufc.br\/index.php\/wp-json\/wp\/v2\/users\/1"}],"replies":[{"embeddable":true,"href":"https:\/\/lageplan.ufc.br\/index.php\/wp-json\/wp\/v2\/comments?post=374"}],"version-history":[{"count":4,"href":"https:\/\/lageplan.ufc.br\/index.php\/wp-json\/wp\/v2\/pages\/374\/revisions"}],"predecessor-version":[{"id":848,"href":"https:\/\/lageplan.ufc.br\/index.php\/wp-json\/wp\/v2\/pages\/374\/revisions\/848"}],"up":[{"embeddable":true,"href":"https:\/\/lageplan.ufc.br\/index.php\/wp-json\/wp\/v2\/pages\/371"}],"wp:featuredmedia":[{"embeddable":true,"href":"https:\/\/lageplan.ufc.br\/index.php\/wp-json\/wp\/v2\/media\/769"}],"wp:attachment":[{"href":"https:\/\/lageplan.ufc.br\/index.php\/wp-json\/wp\/v2\/media?parent=374"}],"curies":[{"name":"wp","href":"https:\/\/api.w.org\/{rel}","templated":true}]}}