{"id":271,"date":"2020-05-30T21:02:47","date_gmt":"2020-05-31T00:02:47","guid":{"rendered":"https:\/\/lageplan.ufc.br\/?page_id=271"},"modified":"2024-09-19T10:54:15","modified_gmt":"2024-09-19T13:54:15","slug":"bacias-hidrograficas-do-ceara","status":"publish","type":"page","link":"https:\/\/lageplan.ufc.br\/index.php\/pesquisas\/iniciacao-cientifica\/bacias-hidrograficas-do-ceara\/","title":{"rendered":"An\u00e1lise Ambiental Voltada a Educa\u00e7\u00e3o da Foz do Riacho Macei\u00f3"},"content":{"rendered":"<p style=\"padding-left: 40px;\"><strong>Orientador:<\/strong>\u00a0Edson Vicente da Silva<br \/>\n<strong>Bolsista(s): <\/strong>Jo\u00e3o Victor Dantas Mulato e Felipe Oliveira Duarte<\/p>\n<p style=\"text-align: justify;\">A crescente urbaniza\u00e7\u00e3o desordenada vem acompanhada de fragiliza\u00e7\u00e3o dos ecossistemas que s\u00e3o afetados pela expans\u00e3o urbana. O riacho Macei\u00f3, como um componente da Bacia da Vertente Mar\u00edtima, que est\u00e1 localizado em uma \u00e1rea de alta especula\u00e7\u00e3o imobili\u00e1ria, se encontra em grande parte antropizado com sinais fortes de impactos ambientais. O contexto espacial no qual a sub-bacia do riacho est\u00e1 inserida, h\u00e1 desde elaboradas obras arquitet\u00f4nicas a ocupa\u00e7\u00f5es marginalizadas com saneamento prec\u00e1rio. A interpreta\u00e7\u00e3o ambiental no caso do riacho Macei\u00f3 \u00e9 especialmente relevante do ponto de vista hist\u00f3rico, sendo significativo durante o per\u00edodo de forma\u00e7\u00e3o das comunidades de pescadores no per\u00edodo de forma\u00e7\u00e3o da comunidade. Embora relevante, a hist\u00f3ria do riacho Macei\u00f3 \u00e9 pouco conhecida, mesmo pelos moradores da regi\u00e3o. Esse projeto tem como um de seus objetivos manter a hist\u00f3ria viva, acrescentando ferramentas de interpreta\u00e7\u00e3o ambiental como forma de Educa\u00e7\u00e3o Ambiental para escolas da regi\u00e3o, na perspectiva de despertar uma percep\u00e7\u00e3o ambiental entre o p\u00fablico infantojuvenil da localidade. Como continua\u00e7\u00e3o do projeto do PIBIC, essa iniciativa parte dos materiais produzidos anteriormente utilizando-os como base para uma educa\u00e7\u00e3o ambiental direcionada ao p\u00fablico local, as aulas ser\u00e3o efetivadas por meio slides ministradas em col\u00e9gios de ensino fundamental e m\u00e9dio pr\u00f3ximos, partindo de literatura e fotografias hist\u00f3ricas e atuais. Convidando os ouvintes a verem por si e incitando a reflex\u00e3o sobre a condi\u00e7\u00e3o, n\u00e3o s\u00f3 do riacho, mas tamb\u00e9m do entorno ambiental. A estrutura das aulas engloba a apresenta\u00e7\u00e3o do riacho Macei\u00f3 dentro de uma perspectiva espa\u00e7o-temporal, real\u00e7ando a import\u00e2ncia dos estu\u00e1rios dentro do contexto ambiental e social, assim corroborando com a compreens\u00e3o e explora\u00e7\u00e3o local por parte dos alunos. A prioridade \u00e9 o desenvolvimento de uma percep\u00e7\u00e3o cr\u00edtica do ambiente e da realidade sobre a situa\u00e7\u00e3o antropizada do rio.<\/p>\n","protected":false},"excerpt":{"rendered":"<p>Orientador:\u00a0Edson Vicente da Silva Bolsista(s): Jo\u00e3o Victor Dantas Mulato e Felipe Oliveira Duarte A crescente&hellip;<\/p>\n<p> <a class=\"more-link\" href=\"https:\/\/lageplan.ufc.br\/index.php\/pesquisas\/iniciacao-cientifica\/bacias-hidrograficas-do-ceara\/\">Leia mais<\/a><\/p>\n","protected":false},"author":1,"featured_media":785,"parent":92,"menu_order":0,"comment_status":"closed","ping_status":"closed","template":"","meta":{"footnotes":""},"class_list":["post-271","page","type-page","status-publish","has-post-thumbnail"],"_links":{"self":[{"href":"https:\/\/lageplan.ufc.br\/index.php\/wp-json\/wp\/v2\/pages\/271"}],"collection":[{"href":"https:\/\/lageplan.ufc.br\/index.php\/wp-json\/wp\/v2\/pages"}],"about":[{"href":"https:\/\/lageplan.ufc.br\/index.php\/wp-json\/wp\/v2\/types\/page"}],"author":[{"embeddable":true,"href":"https:\/\/lageplan.ufc.br\/index.php\/wp-json\/wp\/v2\/users\/1"}],"replies":[{"embeddable":true,"href":"https:\/\/lageplan.ufc.br\/index.php\/wp-json\/wp\/v2\/comments?post=271"}],"version-history":[{"count":8,"href":"https:\/\/lageplan.ufc.br\/index.php\/wp-json\/wp\/v2\/pages\/271\/revisions"}],"predecessor-version":[{"id":2439,"href":"https:\/\/lageplan.ufc.br\/index.php\/wp-json\/wp\/v2\/pages\/271\/revisions\/2439"}],"up":[{"embeddable":true,"href":"https:\/\/lageplan.ufc.br\/index.php\/wp-json\/wp\/v2\/pages\/92"}],"wp:featuredmedia":[{"embeddable":true,"href":"https:\/\/lageplan.ufc.br\/index.php\/wp-json\/wp\/v2\/media\/785"}],"wp:attachment":[{"href":"https:\/\/lageplan.ufc.br\/index.php\/wp-json\/wp\/v2\/media?parent=271"}],"curies":[{"name":"wp","href":"https:\/\/api.w.org\/{rel}","templated":true}]}}